ors of ((-78)/a + -2)/((-32)/384)?
2, 3, 43
Let w(m) = m**3 + 12*m**2 - m - 8. Let h be w(-12). Suppose 2*c + 9 = 3, h*t - 3*c - 37 = 0. Suppose t = x - 62. List the prime factors of x.
3, 23
Let m = 46 - 37. Let k = m + -3. List the prime factors of ((-355)/(-10))/(3/k).
71
Suppose 6 = -4*i + 2*i. Let j be 4 + i - -3 - 0. Suppose 6*q - j*q - 253 = -5*y, q - 5*y - 164 = 0. List the prime factors of q.
139
Suppose 0 = 47*x + 20638 - 1583858. List the prime factors of x.
2, 5, 1663
Let v(b) = 51*b + 6. Let z be v(-14). Let n be 1/(0 + 0 + 3/z). Let c = n - -345. What are the prime factors of c?
109
Let r = 141 - 113. Suppose -r*y = -26*y. Suppose 0 = 3*j - y*j - 177. What are the prime factors of j?
59
Suppose 10*q = 9*q + 5. Suppose q*l = -5*m + 25, -4*l = 2*m - 3*m - 20. Suppose -4*y + y + 36 = l*b, -3*b - 60 = -5*y. What are the prime factors of y?
2, 3
Let y be 1 - ((-561)/27 - 12/54). Let j = y + -19. Suppose -55 = -j*g + 38. What are the prime factors of g?
31
Let r be 6*5*3/10. Let g be 4/6 + -1 - (-5781)/r. Let b = g + -434. What are the prime factors of b?
2, 13
Let k be -3 - 863*(-11 + 6). Suppose 0 = 5*h + 6*h - k. What are the prime factors of h?
2, 7
Let s be 92/24 - (1 + 14/(-12)). Suppose 5*n + 16 = 2*u + s*n, 2*u - 5*n = 24. List the prime factors of 786/u + (-8)/28 + -2.
2, 5, 11
Let j(w) = w**2 - 61*w + 154. Let s be j(32). Let i = -249 - s. What are the prime factors of i?
3, 5, 7
Let a = -176 - -158. List the prime factors of (-6558)/(-27) + -6 + (-2)/a.
3, 79
Suppose -7*q = 10*q - 17884. Let f = q - 548. What are the prime factors of f?
2, 3, 7
Suppose 5*o + 1750 = -2*o. Let l = o - -450. List the prime factors of l.
2, 5
Let c be 3 - (-5 + 5)/1. Let d be (-12)/(-8)*2 - -36 - c. Suppose -5*j - d = -571. What are the prime factors of j?
107
Let z(g) = 3*g**2 + 5*g + 130. Let o be z(-10). Suppose 4*r = f - o, -3*f + 300 = 5*r - 840. List the prime factors of f.
2, 5, 19
Suppose 43*h = g + 44*h - 4301, -5*g + 21477 = -2*h. What are the prime factors of g?
4297
Suppose 0 = -5*s + 5*n - 15, -2*n + 5 = 2*s - 1. Suppose -9*u + 2592 = -s*u. Suppose -7*j - 4*x + 360 = -2*j, 4*j - 2*x = u. List the prime factors of j.
2, 3
Let u(x) be the first derivative of -x**4/4 + 17*x**3/3 - 17*x**2/2 + 108*x + 126. List the prime factors of u(8).
2, 137
Let q = 21328 + -9427. What are the prime factors of q?
3, 3967
Let r be (48/(-5))/(6/40). Let w = r - -382. What are the prime factors of w?
2, 3, 53
Let h be (5*4)/4 - (1 + -4). Let v be ((-4)/1)/(-4 + h/3). Let x(z) = 19*z**2 + 5*z + 3. What are the prime factors of x(v)?
3, 7
Let s(w) = 208*w - 45. Let d(f) = -104*f + 23. Let l(a) = -11*d(a) - 6*s(a). What are the prime factors of l(-3)?
7, 47
List the prime factors of (-914)/(-3)*57/2.
19, 457
Suppose 15*t - 1109483 = -63*t + 1378561. List the prime factors of t.
2, 41, 389
Let z = -39 - -41. Suppose -z*u = 7*u - 540. Let j = u + -30. List the prime factors of j.
2, 3, 5
Suppose -63*f + 70*f - 43960 = 0. List the prime factors of f.
2, 5, 157
Let m(w) be the second derivative of 7*w**3/3 + 61*w**2 - 6*w + 6. What are the prime factors of m(9)?
2, 31
Suppose -183*c + 193*c + 247*c - 1315069 = 0. What are the prime factors of c?
7, 17, 43
Suppose 1002*k + 1379975 = 1087*k. What are the prime factors of k?
5, 17, 191
List the prime factors of (-4)/(-2) - (-158 - 43691).
3, 47, 311
List the prime factors of 34602/12 - 462/(-132).
2887
Suppose 1679*r - 1685*r = -2952. Suppose 5*p - 4073 = -a - r, -2*p + 3*a + 1429 = 0. What are the prime factors of p?
2, 179
Let x = 234 - 230. List the prime factors of (19 - -1)/((-7)/((-630)/x)).
2, 3, 5
Suppose 0 = -24*f + 21*f. Suppose f = 2*o - 6, -4*v - 5*o + 268 + 2079 = 0. What are the prime factors of v?
11, 53
Let l(k) = -k**2 + 36*k - 105. Suppose 4*w = -2*i + 44, 2*w - 2*i = -9 + 37. What are the prime factors of l(w)?
3, 61
Let y(u) = -1949*u - 971. List the prime factors of y(-24).
5, 9161
Suppose z + z = 14. Suppose 2*n = 4*n - 522. Suppose z*t = 10*t - n. List the prime factors of t.
3, 29
Let a be (-4)/22 + 10832/44. Suppose -a = -7*i + 1847. Suppose 11*b + 68 - i = 0. What are the prime factors of b?
3, 7
Let j be 315/36 - 2/(-8). Let r(w) = -j + 2*w**2 - 10*w - w**2 + 8*w. List the prime factors of r(-9).
2, 3, 5
Suppose 88*b + 636739 = 3969035. List the prime factors of b.
19, 1993
List the prime factors of ((-20)/(-14))/((-137)/(-995442)).
2, 3, 5, 173
What are the prime factors of 12826 - 2 - 405/(-540)*(4 + 0)?
101, 127
Let n = 3436 - 168. Suppose 4*g - n = 5*l, 9*g + 3*l = 6*g + 2451. List the prime factors of g.
19, 43
Let f be (-14)/105 - (-951)/45. Suppose 2*c = -25*o + f*o + 1848, -c + 920 = 4*o. What are the prime factors of c?
2, 29
Suppose 0 = -2*m - 4*t - 518, -2*t = 3*m + 348 + 437. Let s = 397 + m. What are the prime factors of s?
2, 67
Let x(c) = -6*c**2 - 9*c - 37. Let i(b) = -9*b**2 - 9*b - 39. Let m(u) = -3*i(u) + 4*x(u). List the prime factors of m(-8).
233
Let c be ((-15)/(-25))/(3/45). Suppose -c = -9*t - 0. What are the prime factors of ((-3)/t)/(15/(-215))?
43
Suppose 49*k = 216*k - 12847978. List the prime factors of k.
2, 11, 13, 269
Let r = 45 - -135. Suppose 5*y + 657 = 4*z, -z - y = 3*y - r. What are the prime factors of z?
2, 3, 7
Suppose -83*i + 87*i = b - 2, 0 = 4*b + 3*i + 11. Let k(g) = -82*g**3 + 4*g**2 + 10*g + 5. What are the prime factors of k(b)?
3, 73
Suppose -4*i + 816 = -4*f, i - 220 = -0*f - 3*f. What are the prime factors of (-115)/(-2)*(0 + i/20)?
2, 13, 23
Let z(p) be the first derivative of 16*p**2 + 45*p - 87. What are the prime factors of z(8)?
7, 43
Let q be (-798)/(-2) - 108/54. Suppose q = 2*w - 681. List the prime factors of w.
7, 11
Suppose -6*d = 21 - 9. Let k be (3/d)/((-3)/(-16)). What are the prime factors of -3 - (-15)/4 - 762/k?
2, 3
Let z be -1 + (-7)/(14/(-100)). Let f = z + -43. Suppose f + 154 = 10*s. What are the prime factors of s?
2
Let o(f) = -17*f - 15. Let g be o(-1). List the prime factors of -1*8/g*8475/(-60).
5, 113
Suppose 0 = -2*u + 2, -3*h + 6*u = 4*u - 13. List the prime factors of (-10)/350*h + 744/14.
53
List the prime factors of (-38028)/8*(-1224)/108.
17, 3169
Let p be -3 - (198/48 - 5)*-8. Let h(n) = n**2 - 34*n - 12. What are the prime factors of h(p)?
2, 107
Let q = -9 - -46. Suppose -q*j = -54*j + 24276. What are the prime factors of j?
2, 3, 7, 17
Let h = -519 - -1102. Suppose 3*p - 276 = -2*t + 322, t = 3*p - h. Suppose 11*x - p = 7*x. List the prime factors of x.
7
Let n(i) = 936*i**2 + 11*i - 2. List the prime factors of n(-3).
8389
Suppose -3*w + 8 = u, -u - u - 5*w + 14 = 0. Suppose 3*k = u*q - 609, 2*q - q = -4*k - 801. List the prime factors of (k/(-4))/((135/(-40))/(-9)).
2, 67
Let f(s) = 2*s**2 - 2*s + 2. Let t be f(5). Let g = 35 + t. List the prime factors of g.
7, 11
Let y(l) = 4*l**3 - 2*l**2 - l + 5. Let f be (-1)/(-3) - (-44)/12 - 2. Let d be y(f). List the prime factors of (-3 + 0)*(-531)/d.
59
Suppose 5*y - 2523 - 1804 = -4*x, 4*x = y - 875. List the prime factors of y.
3, 17
Suppose -6*m + 18120 = 2*m. Suppose -5*b + 2*o + 2697 = 0, -3*b + 2*o - 646 = -m. List the prime factors of b.
7, 11
Let s be (-9 - (13 + -18))/(-4). Suppose 214 = 5*p + 1169. What are the prime factors of (p + 1)*s/(-2)*1?
5, 19
Let y = 52 - 54. Let p be 0 + y/(-5) + 3892/20. Let w = -138 + p. List the prime factors of w.
3, 19
Let g(t) = -t + 14. Let y be g(2). Let x be (-3 - (-81)/y) + 6/(-8). What are the prime factors of ((-196)/35)/(x/(-30))?
2, 7
Suppose -129*p + 138*p - 4194 = 0. List the prime factors of p.
2, 233
Let p(a) = -30*a + 32*a - 53*a + 2. Suppose 3*r + 4*s + 11 = 0, -5 + 14 = -5*r - 2*s. What are the prime factors of p(r)?
53
Let p(g) = 431*g**2 - 6*g - 3. Let m be p(-3). Suppose 50*s = 56*s - m. What are the prime factors of s?
11, 59
Let a(b) = 1956*b**2 - 27*b - 51. List the prime factors of a(-3).
2, 3, 2939
Suppose -10*i + 3*n + 108921 = 0, 28*i - 32682 = 25*i - n. What are the prime factors of i?
3, 3631
Suppose 25*y + 7974374 = 235*y + 2149394. List the prime factors of y.
2, 3, 23, 67
Suppose -4*z = 127*z + 54*z - 3337215. List the prime factors of z.
3, 7, 859
Let y(t) = t + 20. Let k be (-2)/1 + -9*2/3. What are the prime factors of y(k)?
2, 3
Let a = -80 - -107. Let h be (-373)/2 - a/(-1